*2. What is t(3)?
11
Let m(s) = 8*s**2 + 9. Let f(n) = 7*n**2 + 8. Let x(l) = 7*f(l) - 6*m(l). Calculate x(-3).
11
Suppose 32 + 17 = 4*m - 5*q, -2*m + 2 = 2*q. Let o = m + -11. Let s(l) = -3 + 6*l - l**3 - l**2 - l - 3*l**2. Determine s(o).
-3
Let a(s) = -6*s - s + 26 - 24 + 8*s. Determine a(7).
9
Let r(a) = a**2 - 10*a + 12. Let c be 3*(-6)/(-9)*4. Calculate r(c).
-4
Suppose -5*w + 8 = q, 2*w - 6 = w + 2*q. Let s be 134/8 - w/(-8). Suppose -3*u - 2 + s = 0. Let g(x) = -x**2 + 4*x + 3. What is g(u)?
-2
Let a(w) = 8*w. Let i(d) = d - 3. Let u be i(2). What is a(u)?
-8
Let x(i) = -4*i**2 + i**3 - 7 + 0*i**3 + 9*i**2 - 5*i. Give x(-6).
-13
Let a(o) = -5*o**2 - o - 3. Let w(t) = 11*t**2 + 2*t + 6. Let u(s) = -13*a(s) - 6*w(s). Give u(-4).
-17
Let f be ((-3)/6)/(2/(-8)). Let z be f/(-11) + 230/55. Let l(m) = -2*m + 2. Determine l(z).
-6
Let z(b) be the first derivative of b**4/12 - b**3/3 - b**2/2 + 1. Let j(v) be the second derivative of z(v). Give j(3).
4
Let j(r) = -3*r - 5. Let c(k) = -13*k - 19. Let s(o) = 2*c(o) - 9*j(o). Give s(5).
12
Let m(j) = -2*j**3 + 2*j**2 + j - 2. Suppose 4*x + 8 = -5*s + 21, -3*s = 3*x - 9. What is m(x)?
-8
Let o(r) be the third derivative of r**5/60 - r**4/24 - 4*r**3/3 + 8*r**2. Let c be (0/(-1))/(3/(-3)). Suppose 0 = -c*i - i. Give o(i).
-8
Let k(z) = 9*z + 1. Suppose -s = -4*s - 3. Calculate k(s).
-8
Let p(x) be the first derivative of -x**4/12 - 2*x**3/3 - 3*x**2/2 - 3. Let q(b) be the second derivative of p(b). Let l be (3/2)/(6/(-16)). Give q(l).
4
Let m(r) be the second derivative of r**5/20 + r**4/12 + r**3/6 - r**2 - 15*r. Let q = 1 + -1. Determine m(q).
-2
Suppose 5*d = 5*m, -3*m + 9 = 2*m + 4*d. Let n = 5 - 3. Let s(f) = f**n - 3*f**2 - f + 4*f**2 + 1 - 3*f**2. Give s(m).
-1
Let z(c) = -6*c + 4. Let g(a) = -17*a + 11. Let n(p) = p**2 + 8*p - 13. Let r be n(-9). Let x(k) = r*g(k) + 11*z(k). Give x(-3).
-6
Suppose -27 = -3*s + 18. Suppose 6*q + s = q. Let t(k) = -2*k - 2. Let b(a) = -1. Let m(p) = -b(p) - t(p). Give m(q).
-3
Let o(h) = -h**3 + 3*h**2 + 3*h - 1. Let q(m) = 3*m - 11. Let u be q(5). What is o(u)?
-5
Let z(a) = -a**2 + 0 - 5 + 2*a**2 + 5*a. Determine z(-6).
1
Let k(s) = s - 9. Suppose 4*n = -3*m + 19, 2*m = -8 + 2. What is k(n)?
-2
Let j(k) = 0 - 8 + 2*k - k. Let c = 9 + -3. Determine j(c).
-2
Let l(v) = -8*v - v**2 + 20*v + 4 - 6 - 17*v. Let y be (-3)/6*2*0. Suppose g + 10 = -y*n - 2*n, -3*g - 20 = 4*n. What is l(n)?
-2
Suppose -4*i = -3*b - 18, b = 2*i - 0*b - 10. Let a(k) = -k**2 + 4*k + 4. Calculate a(i).
-8
Let z = 25 - 19. Let t(a) = -a**2 + 5*a + 6. Determine t(z).
0
Let q(n) = -2*n - 9. Let y be q(-6). Let u(z) = 1 - y + 0 - z. Give u(3).
-5
Let i be -2*((-14)/4 - -2). Let b(r) = -1 + 38*r**2 - 37*r**2 + 0 + i*r. Calculate b(-4).
3
Let g(f) = f + 2. Let x = -5 + 8. Calculate g(x).
5
Let f(m) = -7*m + 11. Let w be f(5). Let q = w + 20. Let j(a) = 4*a + 5. What is j(q)?
-11
Let k(g) = 3*g**3 + g**2. Let a = 5 - 4. Let n be (a/(-2))/((-3)/(-6)). Calculate k(n).
-2
Suppose -8*i - 4 = -3*i - 3*w, 2*i - 2*w = -4. Let n(r) = -2*r + i - 2*r + 3*r. Let b be (-8 - -9)/((-2)/6). Give n(b).
4
Let k(m) = -m**2 + 9*m + 14. Let r be k(11). Let x = -5 - r. Suppose j = -1 + x. Let l(u) = 7*u - 3. Give l(j).
11
Let v be -2*(2 + -3) + 2. Suppose v + 1 = 5*z. Let o(i) be the second derivative of i**4/6 + i**3/3 - i**2/2 + 4*i. Determine o(z).
3
Let r = -4 + 4. Suppose -2*k = 4*x - 2, -k - 2*x = k - 4. Let d(w) = k*w - w - w - 1. Determine d(r).
-1
Suppose 2*v + 14 = s, -2*s - 3*s + 28 = -3*v. Let o(i) = -i**2 - 6*i + 5. Determine o(v).
5
Let a = 3 + -1. Let o(v) = v**3 + 9*v - v + 1 + v**2 + 0 - 11*v. Give o(a).
7
Let w(g) = 13*g - 2 - 2 + 4. Calculate w(-1).
-13
Let z be 6/8 + (-12)/16. Let c(v) be the first derivative of 1/3*v**3 + 1 + 0*v**2 + 8*v. Determine c(z).
8
Let d(v) = -4*v**3 + v + 5*v**2 - 1 + 13*v**2 + 6*v**2 - 25*v**2. Let z be (-2)/(-3) + 2/6. Calculate d(z).
-5
Let m(n) = -2*n + 0*n - 1 - 7 + 5. Determine m(-3).
3
Let k(d) = -4*d - 1. Let r(l) = 8*l + 2. Let n(j) = 9*k(j) + 4*r(j). Let h(f) = f**3 - f**2 + f + 2. Let i be h(0). Give n(i).
-9
Let q(r) = 2*r + 3*r**2 - 2*r. Let z(y) = 3*y - 9. Let x be z(4). Suppose 4*f = -f - 2*o + x, -4*f = -4*o - 8. Calculate q(f).
3
Let c(v) be the second derivative of -v**5/2 + v**4/12 - v**3/3 + v**2/2 + 6*v. What is c(1)?
-10
Suppose 2*s + d - 3 = 0, 8*d = 3*d - 5. Let g(p) = -11*p + 17. Let n(c) = 4*c - 6. Let w(f) = -6*g(f) - 17*n(f). Give w(s).
-4
Let w(r) = r**2 - 5*r + 2. Suppose s - 22 + 17 = 0. Calculate w(s).
2
Let n(z) be the second derivative of -z**5/20 - 5*z**4/12 + z**3/2 + 3*z**2/2 + 9*z. Give n(-5).
-12
Let d(g) be the first derivative of g**3/3 - g**2/2 - 2*g - 9. What is d(-2)?
4
Let t be (-4)/(-6) - (-20)/6. Suppose -2*w + 4*f - 16 = 0, t*f + 0*f - 4 = -w. Let r(y) = -7*y + 2*y - 2*y**2 + y**2 - 2. Determine r(w).
2
Let g(m) = 1. Let v(h) = h + 4. Let n(u) = -7*g(u) + 2*v(u). Let q(c) = -7*c**2. Let d be q(-1). Let o be 2/7 + (-12)/d. Give n(o).
5
Let i = 10 + -6. Suppose d - 3*o = -7, -d = i*o - 21 + 7. Let t(j) be the third derivative of j**5/20 - j**4/6 + j**3/2 - 4*j**2. What is t(d)?
7
Let o(n) be the first derivative of n**3/3 - n**2 + n + 10. Let z(l) = -2*l - 5. Suppose -4*c - 14 - 2 = 0. Let a be z(c). What is o(a)?
4
Let a(f) = -f**3 + f**2 + 13*f - 10. Let o be a(4). Let b(q) = -8*q**2 + 7 + q**3 - q + 2*q**2 - 2*q**3. Give b(o).
13
Let b(c) be the first derivative of -3*c**2 + c + 4. Give b(1).
-5
Let q(m) be the first derivative of -m**4 + m**2 - m + 20. What is q(1)?
-3
Let d(y) = -y**2 - y - 1. Let m(t) = 7 - 9 - 6 - t. Let p be m(-10). Determine d(p).
-7
Let y(r) = r + 5. Let l be y(-3). Suppose 2*w + l*x = 10, -3*w - 3*x + 15 = -8*w. Let t(k) = k**3 - k**2 - 6. What is t(w)?
-6
Let x(o) = -o - 1. Let z = -2 - 0. Let p be -1 - (z + (-2 - -7)). What is x(p)?
3
Let g(p) be the first derivative of -p**4/4 - 4*p**3/3 - p**2/2 + 3*p - 1. Let r = 12 + -20. Let u be 2*-1*(-12)/r. Calculate g(u).
-3
Let a(g) = -2*g**3 - 7*g + 4. Let p(b) = -2*b**3 - 6*b + 3. Let r(c) = 4*a(c) - 5*p(c). Suppose -f = 4*f. Let q = f - 1. Give r(q).
-3
Let l(q) = q**2 - 2*q + 1. Let t be l(2). Let k(y) = -5*y**3 + 1. What is k(t)?
-4
Let l(n) = 2*n - 5 + n - 5*n - 4. What is l(-7)?
5
Suppose 8*w + 8*w = 0. Let l(i) = -2*i + 3*i - 3 - 4. What is l(w)?
-7
Suppose 5*a - 3 = 17. Let j(x) be the first derivative of -x**4/12 + x**3/3 - x**2 + 2. Let i(k) be the second derivative of j(k). Determine i(a).
-6
Let i(z) = -2*z + 3*z + 3*z + 3. Let m be i(-2). Let s(b) = b**3 + 4*b**2 - 6*b - 6. Calculate s(m).
-1
Let x(v) = 5*v - 6*v - 6 + 3. Suppose -4*p = y + 15, y - p + 6*p = -20. Suppose -2*i - 2*a + 12 = 3*a, y*a = -i + 16. Determine x(i).
1
Let m(k) = k**3 - 3*k**2 - 5*k - 7. Let p(i) = -i**3 + 2*i**2 + 5*i + 7. Let g(b) = -6*m(b) - 7*p(b). Let v be (3 - -2)/((-1)/1). Determine g(v).
-7
Let k(n) be the first derivative of n**4/4 + n**3 - 3*n**2/2 + 4*n + 31. Determine k(-3).
13
Let j(m) = m**3 - 6*m**2 + 6*m - 5. Suppose -4*w + 8 = -b, -2*b - 13 = -3*b - 3*w. Give j(b).
-13
Let g(s) = s. Let o(y) = -y**3 - 7*y**2 - 6*y + 3. Let t be o(-6). Let k(d) = -d**2 - 4*d + 2. Let n(v) = t*g(v) + k(v). Determine n(-3).
-4
Let q = 22 + -21. Let k(z) = -2*z - 10*z**2 + 1 + 0 + 2*z. Determine k(q).
-9
Let g(u) = -3 + 1 + u**3 + 8 + 10*u**2. Let l be g(-10). Let w(t) be the third derivative of t**5/60 - 5*t**4/24 + t**3/6 - 6*t**2. Give w(l).
7
Let a(n) be the first derivative of -5/2*n**2 - 3 + n. Give a(-1).
6
Suppose 0*b - 2*b = -5*o + 77, -o + 13 = 2*b. Let w = o + -8. Let z(c) = -c**2 + 8*c - 9. What is z(w)?
-2
Let c(t) = t**3 + t**2 + t + 2. Let q be c(0). Let n(u) = 2 - u**2 + q - 5 + 0. Let w(v) = -v**2 + 5*v - 1. Let f be w(5). Give n(f).
-2
Let o(b) = 5*b - 3 + 0 + 2. Determine o(-2).
-11
Let b be 10*-1*3/(-6). Suppose b*r = 4*u + 40, -3*u + 5 = 5*r - 0*u. Let i(l) be the first derivative of -l**2/2 - 3*l + 2. Determine i(r).
-7
Let p(b) be the second derivative of -b**5/60 - b**4/8 + b**3/6 - 9*b. Let g(f) be the second derivative of p(f). What is g(-6)?
9
Let k(d) = -5*d + 2. Let g(i) = 4*i - 2. Let q(l) = -4*g(l) - 3*k(l). Suppose 0 = -o - o - 4, -2*o = -3*v + 10. Suppose 0 = v*w - 7 - 1. What is q(w)?
-2
Let t(l) = -5*l - 1. Suppose 4*v + 5 - 13